alue of -15 + 2 + (2 - (-30 - -15))?
4
4 + (-1 - (-6 + 0)) + (0 - 3)
6
(7 - -2) + 73 + -64
18
-26 + (0 - 35) + 83
22
What is the value of (-16 - (-15 - (30 - 7))) + (10 - 1)?
31
Calculate -19 - (-10 + 6) - (-41 - -31).
-5
Calculate 1 - (-13 + -1 + (1 - -2)) - 3.
9
Evaluate -5 + -5 + 0 + 13 + 20.
23
What is the value of 54 - 23 - (5 + 5)?
21
Calculate 11 + 1 - (-7 + -14 - -18).
15
What is the value of 28 - (12 - -3) - (11 - -3)?
-1
Evaluate -5 - -1 - -1 - (-10 + 16).
-9
What is 8 - (9 + (-7 - -2) + (-15 - 2))?
21
Calculate (19 - 20) + (7 - -2) + -15.
-7
Evaluate (1 - -15) + (9 - (30 + -19)).
14
Evaluate 2 + 6 + (-8 - -4) + 7.
11
Calculate -307 + 286 + (6 - -1) + 10 + -1.
-5
What is 7 + 4 - (100 - 77)?
-12
27 - (24 + -15 + 30)
-12
What is the value of -1 + -9 - (-2 - 15) - (-2 - -11)?
-2
Evaluate (-24 - -15) + -13 - -4 - 6.
-24
What is 6 - -1 - (34 - (21 - 5))?
-11
What is -25 + 9 + -3 - -5 - -22?
8
What is -13 + 22 - (-1 - (-15 + 3))?
-2
((3 - 16) + 11 - (3 - -2)) + -6
-13
-21 + 1 + (12 - 40) + 36
-12
What is the value of (2 - 0) + 8 - (-10 + (14 - 2))?
8
What is the value of 33 + (2 - 19) - (8 + -12)?
20
What is (-1 - -7) + 0 + 0 + 4?
10
What is (1 - (1 - 4)) + (5 - -3) - 6?
6
Calculate -30 + 7 - (2 - 18) - -8.
1
Evaluate ((5 - 7) + 17 - 3) + 3.
15
Evaluate -6 - -9 - 9 - -10 - 7.
-3
What is the value of (2 - 0) + 6 + -998 + 995?
5
What is the value of 4 - (-11 + 7 + -13) - (0 + 5)?
16
Calculate -14 - (11 - (25 + -3)).
-3
What is the value of 36 - 14 - (-3 + 21)?
4
(-1 - 7) + (2 - (13 + -15))
-4
-1 - 2 - (-15 - -20) - -1
-7
Calculate (-2 + -1 - (-29 + 22)) + 3 - 12.
-5
Evaluate -2 + 1 + (8 - -5) - (-24 - -23).
13
What is the value of 51 + -64 - (1 - (-12 + 2))?
-24
Calculate 39 - (-33 - -69) - (4 - 1).
0
What is -1 - (4 - -10) - (-8 + 4 - -10)?
-21
Calculate (2 + 7 - 26) + 11.
-6
What is -20 + 62 + (9 - 35)?
16
-791 - -786 - (-1 + 7)
-11
What is the value of -48 - -31 - -7 - 1?
-11
What is the value of 12 + (-13 - (16 - (29 + -3)))?
9
(0 - -3) + -18 + -16 + 39
8
Calculate 2 - (3 - 1) - (-18 - 9 - -24).
3
Calculate -4 - (5 + (-1 - 5) - 0).
-3
Evaluate -5 + -6 + (13 - 24 - -28).
6
What is 2 - -1 - (94 + (76 - 164))?
-3
Evaluate -76 + 71 + 6 - (1 + -2 - 6).
8
What is the value of (-4 - -14) + 16 + -30?
-4
What is the value of (-31 - (27 - 31)) + 0?
-27
What is 23 + (1 - (15 + -10 + 5))?
14
What is the value of (1 - -1) + (20 - 1 - 34)?
-13
Calculate -13 - (-15 - (14 + -5)).
11
Evaluate (32 - 43) + 17 + (-22 - -2).
-14
What is -6 + (12 - (18 + -9)) - (-1 - 0)?
-2
0 - (6 - (-3 + (7 - 6)))
-8
Calculate (0 + -9 - (27 + -37)) + 6.
7
31 - (1 + -21 + 27)
24
What is -3 + 10 + (4 + 6 - -17)?
34
Calculate (-3 - -9 - 23) + 24 - 7.
0
12 + -1 + 22 + 40 + -63
10
Evaluate -3 + -1 + -3 + 6 + (29 - 33).
-5
Evaluate (5 + -4 - (3 - 9)) + (12 - 7).
12
Evaluate -1 - 6 - (1 + -2).
-6
(7 - (44 - 64 - (-1 + -5))) + -6
15
What is 14 + -4 + 1 - 4 - (-79 - -80)?
6
What is the value of 4 + -5 - (-9 + 18 - -2 - 6)?
-6
What is the value of -1 + -1 - ((-45 - -10) + 28)?
5
Calculate -27 - -2 - -32 - (0 + 1 + 0).
6
Calculate (-2 - 0) + -2 + (40 - 58 - -39).
17
What is 85 + -101 - (-10 - 0)?
-6
What is (-4 - -11 - -12) + 1 + -9?
11
-594 + 596 - (-2 - -1)
3
Calculate -1 + 2 - -6 - (7 + -13).
13
What is the value of (3 - (-12 + 1)) + -7 - (4 - -25)?
-22
Evaluate -13 - (98 - 79 - (15 + -1)).
-18
20 - (37 + -8) - -13
4
What is (21 + -1 - (-36 + 52)) + 2 + 8?
14
What is (3 + 5 - 17) + 5?
-4
Evaluate -17 + 25 + -11 + -23.
-26
-1 + 13 + -21 + 16
7
What is the value of 18 - (3 + -6 + 9)?
12
Calculate (24 - 10) + 7 + -18 + -4.
-1
What is the value of 11 + 20 + -9 - 11?
11
(-3 - -16) + 1 - (-21 + 28)
7
Calculate (-8 + -1 - (-25 - -22)) + -7.
-13
Calculate 0 + (-4 + 6 - 0).
2
What is the value of 3 + (14 - 15) + 7?
9
Evaluate ((-2 - 11) + 2 - -2) + 1445 + -1419.
17
What is the value of -33 + 7 + 32 - -13?
19
What is the value of 0 + 6 + -6 + 12 + 1 + -5?
8
Calculate 31 - (5 + -26 + 10 - -12 - 3).
33
What is the value of 10 + 1 + (9 - -10 - 12)?
18
What is 89 - 118 - (-2 - 12)?
-15
What is the value of (39 - 41) + (30 - 11)?
17
Evaluate 4 + (-12 - -8) - 20.
-20
Evaluate 5 - (21 - (-3 - -22)).
3
Calculate (-15 - -9) + 21 + -13.
2
(-435 - -417) + (-1 - -25)
6
What is -3 - ((7 - 0) + -15) - -3?
8
(5 - (0 - 2 - -2)) + 8 + -4
9
49 + -56 + -14 + 7
-14
-17 + (9 - 7) + (54 - 24)
15
(26 - 0) + 10 + (-15 - (0 + -6))
27
What is the value of 0 + -3 - (130 - 136)?
3
What is the value of -9 + (-9 + 13 - -15 - 12)?
-2
Evaluate 5 + (0 - (0 + -3)) + -8 + -14.
-14
What is the value of 1 + -12 - (-4 + (-1 - 1) - -4)?
-9
Calculate -9 + (212 + -214 - (6 + -2 + 1)).
-16
What is the value of -26 + (10 - (20 + -8)) + 9?
-19
Evaluate -1 + -5 - (-2 + -36 + (-28 - -36)).
24
What is (20 - (-8 + 18)) + -31?
-21
What is -4 - (9 - (4 - 13))?
-22
What is -264 + 284 - (1 + 12) - 21?
-14
Calculate (-1 - -1 - -6 - (91 + -92)) + -4.
3
What is -3 + 4 - (-2 + (2 - 1))?
2
(-2 - -4) + 11 + (-28 - -22)
7
What is the value of (0 - 5) + 7 + -3 + 0 + -3?
-4
What is the value of 1 + -22 + (-2 - 13) + 113 + -87?
-10
What is the value of 207 + -194 - (8 + -1)?
6
Evaluate 15 + -2 - (52 - (13 - -38)).
12
What is 19 - ((18 - -5) + -18)?
14
Calculate (3 - -9 - 22) + 12.
2
What is the value of -5 + (5 + -13 - -24)?
11
What is the value of -3 + (1 - (-4 - 3)) - 3?
2
What is 11 + -38 - (1 + -17 - -3)?
-14
4 + -1 - (-5 - (-23 - -3))
-12
Calculate -19 - (-21 - 11 - -16).
-3
Evaluate -3 + -1 + -2 + 6 + 18 + -32.
-14
23 + -5 + 9 + -40
-13
Evaluate -2 + -27 - (8 - 27).
-10
What is -1 - ((2 - 0) + (8 - 16) + 2)?
3
Evaluate (-5 - (-25 - -25)) + -17.
-22
15 - 4 - 1 - (37 + -34)
7
Evaluate (1 - -1) + -9 + 10 - (2 + -12).
13
What is 77 + -83 + -1 + 2?
-5
Evaluate -5 + -2 + 2 + (-5 + 0 - -6).
-4
Calculate -7 + 1 + (-23 - (-5 - 22)).
-2
(81 + -19 - 43) + (-3 - -1)
17
Calculate 1 - -11 - -6 - 29.
-11
Calculate (-23 - (-22 - 15)) + 6.
20
(1 - 15) + (-607 - -612)
-9
Evaluate 10 + -5 + -1 + (88 - 88) - -4.
8
Evaluate -6 - -4 - (-22 - -32).
-12
What is the value of 0 + 2 + -4 + 0 - (-2 - -13)?
-13
-5 - 5 - (-30 + 8) - 7
5
Evaluate 0 - ((-47 - -35) + -1 + 9).
4
Calculate 1 + 4 + (-7 - -4) + (9 - 5).
6
-93 - -93 - (-11 - 1) - 30
-18
0 + -23 - (-193 - -185)
-15
((2 - -8) + -4 - 0) + -6
0
What is the value of 14 + (-3 + -1 - 8)?
2
-34 - -29 - (-19 + 5)
9
Evaluate (5 - 1) + (-16 - -5 - -19).
12
What is the value of -38 + (14 - -6) + (7 - 2)?
-13
(3 - (-12 - -15)) + 10
10
Calculate -51 + 19 + 21 - 4.
-15
Calculate (11 - -1) + 3 + 5 + (7 - 11).
16
Evaluate 95 + -82 - (1 + -3 + 3).
12
What is the value of 78 + -1 - 97 - (-6 - -2)?
-16
Calculate (-25 - -3 - -13) + 1.
-8
2 + 1 + -9 + -5
-11
Evaluate (-9 - (26 + -45)) + 22.
32
What is (-5 - (-13 - 5)) + -168 + 170?
15
What is (-3 + 1 - (25 + -20)) + 13?
6
Evaluate -6 - -13 - (17 + -2).
-8
Calculate 12 - 30 - -44 - 24.
2
What is -4 + (2 - 4 - 1) - (-20 + 13)?
0
What is the value of -2 + 35 - 0 - (-321 - -329)?
25
What is (-6 + -9 - -9 - -2) + 14?
10
Calculate -9 + 7 + 6 + (-5 + -2 - 0).
-3
Calculate 148 + -149 - (6 - 18).
11
What is the value of (-17 - -2) + (1 - -6) + -4?
-12
11 + (-30 + 19 - (40 - 4))
-36
What is 0 + (-19 - ((4 - 10) + -5))?
-8
1 + (1 - 28 - (-7 - 26 - -44))
-37
2 + 11 + 6 + (4 - 13)
10
What is the value of -2 + 5 + 1 + 1 + -4?
1
What is 1 - 2 - -16 - (-77 + 49 - -26)?
17
What is 2 + (-11 + 2 - (18 + -21))?
-4
What is the value of (-4 - -4 - 12) + 0?
-12
What is the value of -11 - (12 - (-12 - -9) - -1)?
-27
1 - (-46 - -32 - ((-5 - -1) + 0))
11
What is (-1 + 12 - 5) + (12 - (10 - 9))?
17
Evaluate 1 + (6 - (9 + -11)).
9
(-1 - 5) + ((3 - 2) + 4 - 8)
-9
-4 + (-14 - -12) + 20 + 0
14
Evaluate -2 - (13 - (-9 + 17 + -6 + -6)).
-19
8 + (-19 - -12) + -7
-6
Calculate -21 - (2 + 11 - 24) - -32.
22
Evaluate 7 - (147 - 156 - (1 - 3)).
14
What is the value of 2 + (14 - (-10 - -15)) + -5 + -1?
5
What is (-24 - -31) + (10 - 3) - -1?
15
Calculate -92 - -92 - (-1 + -10).
11
Evaluate -12 + (1 - (14 - 18)).
-7
What is -11 - (8 - (-15 + 21))?
-13
Evaluate 4 + 6 + 14 + -6 + -3.
15
7 + 2 - (-6 + 28)
-13
(-18 - -34) + -8 + 1 + 6 + -2
13
What is -2 + -5 + -29 + -40 + 49?
-27
What is the value of (8 - (5 - -7)) + (12 - (-6 - -11))?
3
What is -17 - (-6 - -5 - 3) - -3?
-10
What is (10 - 5 - 13) + (-14 + -8 - -7)?
-23
(-4 - (-3 